{"id":1116,"date":"2026-03-03T14:29:24","date_gmt":"2026-03-03T14:29:24","guid":{"rendered":"https:\/\/iria.upc.edu\/?page_id=1116"},"modified":"2026-03-16T11:16:02","modified_gmt":"2026-03-16T11:16:02","slug":"lluis-gimenez-mateu","status":"publish","type":"page","link":"https:\/\/iria.upc.edu\/index.php\/lluis-gimenez-mateu\/","title":{"rendered":"Llu\u00eds Gim\u00e9nez Mateu"},"content":{"rendered":"\n<div class=\"wp-block-group alignfull is-style-default is-content-justification-right is-nowrap is-layout-flex wp-container-core-group-is-layout-90217607 wp-block-group-is-layout-flex\" style=\"min-height:0vh;margin-top:0px;margin-bottom:45px;padding-top:0;padding-right:var(--wp--preset--spacing--40);padding-bottom:var(--wp--preset--spacing--40);padding-left:var(--wp--preset--spacing--40)\">\n<div class=\"wp-block-group is-content-justification-right is-nowrap is-layout-flex wp-container-core-group-is-layout-17934613 wp-block-group-is-layout-flex\">\n<h1 class=\"wp-block-heading has-text-align-left is-style-text-display is-style-text-display--1\" style=\"font-size:clamp(2.111rem, 2.111rem + ((1vw - 0.2rem) * 2.649), 3.8rem);\"><span style=\"color: #000000;\" class=\"stk-highlight\"><strong><em>Llu\u00eds Gim\u00e9nez Mateu<\/em><\/strong><\/span><\/h1>\n<\/div>\n<\/div>\n\n\n\n<div class=\"wp-block-group alignfull is-style-section-1 has-global-padding is-layout-constrained wp-block-group-is-layout-constrained is-style-section-1--2\" style=\"margin-top:0;margin-bottom:0;padding-top:var(--wp--preset--spacing--40);padding-bottom:var(--wp--preset--spacing--40)\">\n<div class=\"wp-block-columns alignwide is-style-section-1 is-layout-flex wp-container-core-columns-is-layout-5715ff21 wp-block-columns-is-layout-flex is-style-section-1--3\" style=\"margin-top:0;padding-top:0;padding-bottom:0\">\n<div class=\"wp-block-column is-layout-flow wp-block-column-is-layout-flow\" style=\"padding-right:var(--wp--preset--spacing--50);flex-basis:45%\">\n<figure class=\"wp-block-image size-large\"><img loading=\"lazy\" decoding=\"async\" width=\"683\" height=\"1024\" src=\"https:\/\/iria.upc.edu\/wp-content\/uploads\/2026\/02\/luis-gimenez-1-683x1024.jpg\" alt=\"\" class=\"wp-image-927\" srcset=\"https:\/\/iria.upc.edu\/wp-content\/uploads\/2026\/02\/luis-gimenez-1-683x1024.jpg 683w, https:\/\/iria.upc.edu\/wp-content\/uploads\/2026\/02\/luis-gimenez-1-200x300.jpg 200w, https:\/\/iria.upc.edu\/wp-content\/uploads\/2026\/02\/luis-gimenez-1-768x1152.jpg 768w, https:\/\/iria.upc.edu\/wp-content\/uploads\/2026\/02\/luis-gimenez-1-1024x1536.jpg 1024w, https:\/\/iria.upc.edu\/wp-content\/uploads\/2026\/02\/luis-gimenez-1-1365x2048.jpg 1365w, https:\/\/iria.upc.edu\/wp-content\/uploads\/2026\/02\/luis-gimenez-1-scaled.jpg 1707w\" sizes=\"auto, (max-width: 683px) 100vw, 683px\" \/><\/figure>\n<\/div>\n\n\n\n<div class=\"wp-block-column is-vertically-aligned-center is-layout-flow wp-block-column-is-layout-flow\" style=\"padding-right:0;padding-left:0;flex-basis:50%\">\n<div class=\"wp-block-group is-vertical is-layout-flex wp-container-core-group-is-layout-fe9cc265 wp-block-group-is-layout-flex\">\n<h2 class=\"wp-block-heading is-style-text-annotation is-style-text-annotation--4\" style=\"font-size:clamp(0.875rem, 0.875rem + ((1vw - 0.2rem) * 0.667), 1.3rem);\">AGREGAT<\/h2>\n<\/div>\n\n\n\n<pre class=\"wp-block-verse is-style-text-subtitle\" style=\"font-size:clamp(0.875rem, 0.875rem + ((1vw - 0.2rem) * 0.667), 1.3rem);\">Professor Agregat i Director del Departament de Representaci\u00f3 Arquitect\u00f2nica (UPC) des del 2019. Membre del Grup de Recerca QURBIS \u2013 Quality of Urban Life: Innovation, Sustainability and Social Engagement. Doctor Cum Laude amb Menci\u00f3 Internacional per la UPC (2016). Coordinador de la mat\u00e8ria de Dibuix T\u00e8cnic de les PAU \u2013 GENCAT entre 2019 i 2024, i sotscoordinador des de 2008. Professor de Disseny Param\u00e8tric aplicat a l\u2019arquitectura, assignatura obligat\u00f2ria ETSAB de 4t curs.<br><br>L\u00ednies d\u2019investigaci\u00f3 en Geometria Descriptiva; CAD-CAM; BIM; Sistemes param\u00e8trics; Imatge digital; Impressi\u00f3 3D; Interacci\u00f3 multim\u00e8dia; Innovaci\u00f3 audiovisual; Realitat virtual; Realitat Augmentada; Excel\u00b7l\u00e8ncia educativa, Codis Unesco: 620100 \u2013 620101. <br>Professor responsable d\u2019assignatura al M\u00e0ster Universitari en Paisatgisme MBLandArch entre 2008 i 2016. Professor responsable d\u2019assignatura en el M\u00e0ster en Disseny i Comunicaci\u00f3 Visual (FPC) entre 2005 i 2008. Professor responsable d\u2019assignatura en el Grau en Fotografia i Multim\u00e8dia (CITM) entre 2010 i 2015.<br><br>Professor conferenciant en dues ocasions a la Universitat d\u2019Arquitectura i Urbanisme \u201cIon Mincu\u201d de Bucarest (Romania) i a l\u2019Escola d\u2019Arquitectura de la Universitat de Tianjin (Xina). Professor visitant en dues ocasions al College of Architecture and Urban Planning de la Universitat Tongji de Shanghai (Xina).<br>Director de 5 tesis doctorals finalitzades en el programa de Doctorat UPC: Patrimoni arquitect\u00f2nic, Civil, Urban\u00edstic i de Rehabilitaci\u00f3 de Construccions Existents. Director de 2 tesis en curs del programa de Doctorat en Disseny UPC.<br><br>Autor de diferents llibres i articles sobre Geometries complexes. Organitzador de diferents workshops amb estudiants de l\u2019ETSAB i exposicions sobre geometria de temples ortodoxos romanesos. \u00c9s president d\u2019un tribunal de TFG a l\u2019ETSAB des de 2019 i ha dirigit nombrosos treballs d\u2019estudiants.<br>Actualment, \u00e9s el director\/organitzador del Congr\u00e9s Internacional d\u2019Expressi\u00f3 Gr\u00e0fica Arquitect\u00f2nica (EGA26) que se celebrar\u00e0 a finals de maig de 2026 a l\u2019ETSAB. <\/pre>\n\n\n\n<div class=\"wp-block-group is-vertical is-layout-flex wp-container-core-group-is-layout-355c4241 wp-block-group-is-layout-flex\">\n<h2 class=\"wp-block-heading is-style-text-annotation is-style-text-annotation--5\" style=\"font-size:clamp(0.875rem, 0.875rem + ((1vw - 0.2rem) * 0.667), 1.3rem);\">ACTIVITAT INVESTIGADORA<\/h2>\n\n\n\n<pre class=\"wp-block-verse\" style=\"font-size:clamp(0.875rem, 0.875rem + ((1vw - 0.2rem) * 0.667), 1.3rem);\">Innovation tools to digitise the East and West cultural heritage: a digital game methodology guide -  Valls, F.; Redondo, E.; Sanchez Riera, A.; Gilabert-Sanz, S.; Seve, B.; Garriga, Q.; De Gispert, Jordi; Gimenez-Mateu, L.; Llorca, J.; Navarro, I.<br><br>Innovative Eco-construction System based on Interlocking Modular Insulation Wood and Cork-based Panels -  Redondo, E.; Gilabert-Sanz, S.; Oliver, J.; Brunet, P.; Sanchez Riera, A.; Gimenez-Mateu, L.; Navarro, I.; Valls, F.; Hermoso, E.; Luengo, E.; Gominho, J.<br><br>Quality of Urban Life: Innovation, Sustainability and Social Engagement -  Garcia-Almirall, Pilar; Arellano, Blanca; Biere, R.M.; Casals, J.; Coloma, E.; De Gispert, Jordi; Espinoza, P.; Gilabert-Sanz, S.; Gimenez-Mateu, L.; Hern\u00e1ndez Falag\u00e1n, David; Lana, F.J.; Llorca, J.; Marmolejo, C.; Martinez, M.D.; Montaner, J.; Muxi, Zaida; Navarro, I.; Piasek, G.; Redondo, E.; Roca, J.; Sanchez Riera, A.; Serra, C.; Seve, B.; Sifuentes, B.; Valls, F.; Zhang, X.; Avellaneda, O. F.<\/pre>\n\n\n\n<p style=\"font-size:13px\">Beijing Institute of Architectural Design<a href=\"https:\/\/www.archdaily.cl\/cl\/office\/beijing-institute-of-architectural-design\"><\/a><\/p>\n<\/div>\n\n\n\n<div class=\"wp-block-group is-vertical is-layout-flex wp-container-core-group-is-layout-355c4241 wp-block-group-is-layout-flex\">\n<h2 class=\"wp-block-heading is-style-text-annotation is-style-text-annotation--6\" style=\"font-size:clamp(0.875rem, 0.875rem + ((1vw - 0.2rem) * 0.667), 1.3rem);\">SERVEIS DE TRANSFER\u00c8NCIA<\/h2>\n\n\n\n<pre class=\"wp-block-verse\" style=\"font-size:clamp(0.875rem, 0.875rem + ((1vw - 0.2rem) * 0.667), 1.3rem);\">Realitzaci\u00f3 de 7 confer\u00e8ncies i 7 workshops telem\u00e0tics impartits per diferents professors de l'ETSAB per a l'empresa p\u00fablica BIAD de Beijing, a trav\u00e9s de l'empresa Diagonal China -  Gimenez-Mateu, L.; Mendoza, H.; Partida, M.; Valls, F.; Garc\u00eda Est\u00e9vez, Carolina B.; Gomez, E.; Taberna, J.; Garriga, Q.; Ortega, E.; Roca-Musach, M.<\/pre>\n<\/div>\n<\/div>\n<\/div>\n<\/div>\n\n\n\n<div class=\"wp-block-group alignfull has-global-padding is-layout-constrained wp-container-core-group-is-layout-ebee8dc1 wp-block-group-is-layout-constrained\" style=\"margin-top:0;margin-bottom:0;padding-top:var(--wp--preset--spacing--50);padding-bottom:var(--wp--preset--spacing--50)\">\n<h2 class=\"wp-block-heading alignwide\">L\u00ednies estrat\u00e8giques <\/h2>\n\n\n\n<div class=\"wp-block-columns alignwide is-layout-flex wp-container-core-columns-is-layout-28f84493 wp-block-columns-is-layout-flex\">\n<div class=\"wp-block-column is-layout-flow wp-container-core-column-is-layout-be95e8ed wp-block-column-is-layout-flow\" style=\"padding-top:0\">\n<figure class=\"wp-block-image size-full\"><a href=\"https:\/\/iria.upc.edu\/index.php\/le_representacio-i-comunicacio\/\"><img loading=\"lazy\" decoding=\"async\" width=\"2232\" height=\"2232\" src=\"https:\/\/iria.upc.edu\/wp-content\/uploads\/2025\/12\/Jueves-28-Oct-1-6-1.jpg\" alt=\"\" class=\"wp-image-698\" srcset=\"https:\/\/iria.upc.edu\/wp-content\/uploads\/2025\/12\/Jueves-28-Oct-1-6-1.jpg 2232w, https:\/\/iria.upc.edu\/wp-content\/uploads\/2025\/12\/Jueves-28-Oct-1-6-1-300x300.jpg 300w, https:\/\/iria.upc.edu\/wp-content\/uploads\/2025\/12\/Jueves-28-Oct-1-6-1-1024x1024.jpg 1024w, https:\/\/iria.upc.edu\/wp-content\/uploads\/2025\/12\/Jueves-28-Oct-1-6-1-150x150.jpg 150w, https:\/\/iria.upc.edu\/wp-content\/uploads\/2025\/12\/Jueves-28-Oct-1-6-1-768x768.jpg 768w, https:\/\/iria.upc.edu\/wp-content\/uploads\/2025\/12\/Jueves-28-Oct-1-6-1-1536x1536.jpg 1536w, https:\/\/iria.upc.edu\/wp-content\/uploads\/2025\/12\/Jueves-28-Oct-1-6-1-2048x2048.jpg 2048w\" sizes=\"auto, (max-width: 2232px) 100vw, 2232px\" \/><\/a><\/figure>\n\n\n\n<div class=\"wp-block-group is-vertical is-layout-flex wp-container-core-group-is-layout-971a3e1f wp-block-group-is-layout-flex\" style=\"padding-top:var(--wp--preset--spacing--30)\">\n<h3 class=\"wp-block-heading\" style=\"padding-top:var(--wp--preset--spacing--20)\"><a href=\"https:\/\/iria.upc.edu\/index.php\/le_representacio-i-comunicacio\/\">Representaci\u00f3 i comunicaci\u00f3<\/a><\/h3>\n\n\n\n<p class=\"has-accent-4-color has-text-color has-link-color has-small-font-size wp-elements-fade66383866eea06527282315db5547\">Desenvolupament d\u2019eines i processos de representaci\u00f3, gesti\u00f3 i comunicaci\u00f3 de l\u2019arquitectura, incloent tecnologies digitals i intel\u00b7lig\u00e8ncia artificial.<\/p>\n<\/div>\n\n\n<\/div>\n\n\n\n<div class=\"wp-block-column is-layout-flow wp-container-core-column-is-layout-be95e8ed wp-block-column-is-layout-flow\" style=\"padding-top:0\">\n<figure class=\"wp-block-image size-full\"><a href=\"https:\/\/iria.upc.edu\/index.php\/le_disseny-i-tecniques-de-projectacio-avancades\/\"><img loading=\"lazy\" decoding=\"async\" width=\"2560\" height=\"2560\" src=\"https:\/\/iria.upc.edu\/wp-content\/uploads\/2025\/12\/prueba15-scaled.jpg\" alt=\"\" class=\"wp-image-434\" srcset=\"https:\/\/iria.upc.edu\/wp-content\/uploads\/2025\/12\/prueba15-scaled.jpg 2560w, https:\/\/iria.upc.edu\/wp-content\/uploads\/2025\/12\/prueba15-300x300.jpg 300w, https:\/\/iria.upc.edu\/wp-content\/uploads\/2025\/12\/prueba15-1024x1024.jpg 1024w, https:\/\/iria.upc.edu\/wp-content\/uploads\/2025\/12\/prueba15-150x150.jpg 150w, https:\/\/iria.upc.edu\/wp-content\/uploads\/2025\/12\/prueba15-768x768.jpg 768w, https:\/\/iria.upc.edu\/wp-content\/uploads\/2025\/12\/prueba15-1536x1536.jpg 1536w, https:\/\/iria.upc.edu\/wp-content\/uploads\/2025\/12\/prueba15-2048x2048.jpg 2048w\" sizes=\"auto, (max-width: 2560px) 100vw, 2560px\" \/><\/a><\/figure>\n\n\n\n<div class=\"wp-block-group is-vertical is-layout-flex wp-container-core-group-is-layout-971a3e1f wp-block-group-is-layout-flex\" style=\"padding-top:var(--wp--preset--spacing--30)\">\n<h3 class=\"wp-block-heading\" style=\"padding-top:var(--wp--preset--spacing--20)\"><a href=\"https:\/\/iria.upc.edu\/index.php\/le_disseny-i-tecniques-de-projectacio-avancades\/\">Disseny i t\u00e8cniques de projectaci\u00f3 avan\u00e7ades<\/a><\/h3>\n\n\n\n<p class=\"has-accent-4-color has-text-color has-link-color has-small-font-size wp-elements-9abcf931b9ae8286aaf187984c39b272\">Investigaci\u00f3 en metodologies de projecte i processos creatius vinculats a les noves tecnologies i a l\u2019ecologia del proc\u00e9s arquitect\u00f2nic.<\/p>\n<\/div>\n\n\n<\/div>\n\n\n\n<div class=\"wp-block-column is-layout-flow wp-container-core-column-is-layout-be95e8ed wp-block-column-is-layout-flow\" style=\"padding-top:0\">\n<div class=\"wp-block-group is-vertical is-layout-flex wp-container-core-group-is-layout-971a3e1f wp-block-group-is-layout-flex\" style=\"padding-top:var(--wp--preset--spacing--30)\">\n<h3 class=\"wp-block-heading\" style=\"padding-top:var(--wp--preset--spacing--20)\"><\/h3>\n\n\n\n<p class=\"has-accent-4-color has-text-color has-link-color has-small-font-size wp-elements-f4c8b2fa2d89d0c05b059e07c754edac\"><\/p>\n<\/div>\n\n\n<\/div>\n<\/div>\n<\/div>\n\n\n\n<div class=\"wp-block-group alignfull is-style-default has-base-background-color has-background is-layout-flow wp-container-core-group-is-layout-2fa6ea01 wp-block-group-is-layout-flow\" style=\"padding-right:var(--wp--preset--spacing--60);padding-left:var(--wp--preset--spacing--20)\">\n<div class=\"wp-block-columns alignwide is-layout-flex wp-container-core-columns-is-layout-28f84493 wp-block-columns-is-layout-flex\">\n<div class=\"wp-block-column is-vertically-aligned-center is-layout-flow wp-block-column-is-layout-flow\" style=\"flex-basis:50%\">\n<div class=\"wp-block-stackable-text stk-block-text stk-block stk-dd13c8e\" data-block-id=\"dd13c8e\"><style>.stk-dd13c8e {border-style:solid !important;border-top-width:0px !important;border-right-width:0px !important;border-bottom-width:0px !important;border-left-width:0px !important;margin-left:80px !important;}.stk-dd13c8e .stk-block-text__text{font-size:var(u002du002dstku002du002dpresetu002du002dfont-sizeu002du002dx-large, 1.75rem) !important;}@media screen and (max-width: 1023px){.stk-dd13c8e .stk-block-text__text{font-size:var(u002du002dstku002du002dpresetu002du002dfont-sizeu002du002dx-large, 1.75rem) !important;}}<\/style><p class=\"stk-block-text__text\"><strong>Aportacions<\/strong><\/p><\/div>\n<\/div>\n<\/div>\n\n\n\n<div class=\"wp-block-columns alignwide is-layout-flex wp-container-core-columns-is-layout-e79a657b wp-block-columns-is-layout-flex\" style=\"padding-top:0\">\n<div class=\"wp-block-column is-layout-flow wp-block-column-is-layout-flow\"><\/div>\n\n\n\n<div class=\"wp-block-column is-layout-flow wp-block-column-is-layout-flow\">\n<p class=\"has-text-color has-extra-small-font-size\" style=\"color:#000000\">Exploringthe potential of artificial intelligence as a tool for architectural design: A perception study using gaud\u00ed\u2019sworks &#8211; Z Zhang, JM Fort, LG Mateu &#8211; Buildings 13 (7), 1863.<\/p>\n\n\n\n<p class=\"has-text-color has-extra-small-font-size\" style=\"color:#000000\">Facial expression recognition in virtual reality environments: challenges and opportunities Z Zhang, JM Fort, L Gim\u00e9nez Mateu &#8211; Frontiers in psychology 14, 1280136.<\/p>\n\n\n\n<p class=\"has-text-color has-extra-small-font-size\" style=\"color:#000000\">Decoding emotional responses to AI-generated architectural imagery Z Zhang, JM Fort, L Gim\u00e9nez Mateu &#8211; Frontiers in psychology 15, 1348083.<\/p>\n\n\n\n<p class=\"has-text-color has-extra-small-font-size\" style=\"color:#000000\"><\/p>\n<\/div>\n\n\n\n<div class=\"wp-block-column is-layout-flow wp-block-column-is-layout-flow\">\n<p>Aproximaci\u00f3n de superficies para la ejecuci\u00f3n de b\u00f3vedas tabicadas L Gimenez Mateu, I Navarro Delgado, A Cabrera Guardiola &#8211; EGA. Revista de Expresi\u00f3n Gr\u00e1fica Arquitect\u00f3nica 21 (27), 220-231.<\/p>\n\n\n\n<p class=\"has-text-color has-extra-small-font-size\" style=\"color:#000000\">El papel del dibujo y materias b\u00e1sicas frente nuevas herramientas para manipular el espacio. Casos de estudio de investigaci\u00f3n educativa en docencia arquitect\u00f3nica JS Brunet, ER Dom\u00ednguez, LG Mateu, JR Marim\u00f3n &#8211; ACE: Arquitectura, Ciudad y Entorno.<\/p>\n\n\n\n<p class=\"has-text-color has-extra-small-font-size\" style=\"color:#000000\"><\/p>\n<\/div>\n<\/div>\n<\/div>\n\n\n\n<div class=\"wp-block-group alignfull has-global-padding is-layout-constrained wp-container-core-group-is-layout-54af5b55 wp-block-group-is-layout-constrained\" style=\"margin-top:0;margin-bottom:0;padding-top:var(--wp--preset--spacing--60);padding-bottom:var(--wp--preset--spacing--60)\">\n<h2 class=\"wp-block-heading alignwide has-text-align-center has-x-large-font-size\">Grups de recerca<\/h2>\n\n\n\n<div class=\"wp-block-buttons alignwide has-custom-font-size has-medium-font-size is-content-justification-center is-layout-flex wp-container-core-buttons-is-layout-c124d1c4 wp-block-buttons-is-layout-flex\">\n<div class=\"wp-block-button\"><a class=\"wp-block-button__link wp-element-button\" href=\"https:\/\/qurbis.upc.edu\/ca\/equip\/equip-investigador\">QURBIS &#8211; Quality of Urban Life: Innovation, Sustainability and Social Engagement<\/a><\/div>\n<\/div>\n\n\n\n<p class=\"has-text-align-center\" style=\"font-size:clamp(0.929rem, 0.929rem + ((1vw - 0.2rem) * 0.739), 1.4rem);\"><strong><a href=\"https:\/\/futur.upc.edu\/LluisGimenezMateu\">Enlla\u00e7 a futur \u2197<\/a><\/strong><\/p>\n<\/div>\n","protected":false},"excerpt":{"rendered":"<p>Llu\u00eds Gim\u00e9nez Mateu AGREGAT Professor Agregat i Director del Departament de Representaci\u00f3 Arquitect\u00f2nica (UPC) des del 2019. Membre del Grup de Recerca QURBIS \u2013 Quality of Urban Life: Innovation, Sustainability and Social Engagement. Doctor Cum Laude amb Menci\u00f3 Internacional per la UPC (2016). Coordinador de la mat\u00e8ria de Dibuix T\u00e8cnic de les PAU \u2013 GENCAT [&hellip;]<\/p>\n","protected":false},"author":1,"featured_media":0,"parent":0,"menu_order":0,"comment_status":"closed","ping_status":"closed","template":"","meta":{"footnotes":""},"class_list":["post-1116","page","type-page","status-publish","hentry"],"_links":{"self":[{"href":"https:\/\/iria.upc.edu\/index.php\/wp-json\/wp\/v2\/pages\/1116","targetHints":{"allow":["GET"]}}],"collection":[{"href":"https:\/\/iria.upc.edu\/index.php\/wp-json\/wp\/v2\/pages"}],"about":[{"href":"https:\/\/iria.upc.edu\/index.php\/wp-json\/wp\/v2\/types\/page"}],"author":[{"embeddable":true,"href":"https:\/\/iria.upc.edu\/index.php\/wp-json\/wp\/v2\/users\/1"}],"replies":[{"embeddable":true,"href":"https:\/\/iria.upc.edu\/index.php\/wp-json\/wp\/v2\/comments?post=1116"}],"version-history":[{"count":6,"href":"https:\/\/iria.upc.edu\/index.php\/wp-json\/wp\/v2\/pages\/1116\/revisions"}],"predecessor-version":[{"id":1385,"href":"https:\/\/iria.upc.edu\/index.php\/wp-json\/wp\/v2\/pages\/1116\/revisions\/1385"}],"wp:attachment":[{"href":"https:\/\/iria.upc.edu\/index.php\/wp-json\/wp\/v2\/media?parent=1116"}],"curies":[{"name":"wp","href":"https:\/\/api.w.org\/{rel}","templated":true}]}}