{"id":1120,"date":"2026-03-03T14:34:12","date_gmt":"2026-03-03T14:34:12","guid":{"rendered":"https:\/\/iria.upc.edu\/?page_id=1120"},"modified":"2026-03-16T11:21:23","modified_gmt":"2026-03-16T11:21:23","slug":"david-hernandez-falagan","status":"publish","type":"page","link":"https:\/\/iria.upc.edu\/index.php\/david-hernandez-falagan\/","title":{"rendered":"David Hern\u00e1ndez Falag\u00e1n"},"content":{"rendered":"\n<div class=\"wp-block-group alignfull is-style-default is-content-justification-right is-nowrap is-layout-flex wp-container-core-group-is-layout-90217607 wp-block-group-is-layout-flex\" style=\"min-height:0vh;margin-top:0px;margin-bottom:45px;padding-top:0;padding-right:var(--wp--preset--spacing--40);padding-bottom:var(--wp--preset--spacing--40);padding-left:var(--wp--preset--spacing--40)\">\n<div class=\"wp-block-group is-content-justification-right is-nowrap is-layout-flex wp-container-core-group-is-layout-17934613 wp-block-group-is-layout-flex\">\n<h1 class=\"wp-block-heading has-text-align-left is-style-text-display is-style-text-display--1\" style=\"font-size:clamp(2.111rem, 2.111rem + ((1vw - 0.2rem) * 2.649), 3.8rem);\"><span style=\"color: #000000;\" class=\"stk-highlight\"><strong><em>David Hern\u00e1ndez Falag\u00e1n<\/em><\/strong><\/span><\/h1>\n<\/div>\n<\/div>\n\n\n\n<div class=\"wp-block-group alignfull is-style-section-1 has-global-padding is-layout-constrained wp-block-group-is-layout-constrained is-style-section-1--2\" style=\"margin-top:0;margin-bottom:0;padding-top:var(--wp--preset--spacing--40);padding-bottom:var(--wp--preset--spacing--40)\">\n<div class=\"wp-block-columns alignwide is-style-section-1 is-layout-flex wp-container-core-columns-is-layout-5715ff21 wp-block-columns-is-layout-flex is-style-section-1--3\" style=\"margin-top:0;padding-top:0;padding-bottom:0\">\n<div class=\"wp-block-column is-layout-flow wp-block-column-is-layout-flow\" style=\"padding-right:var(--wp--preset--spacing--50);flex-basis:45%\">\n<figure class=\"wp-block-image size-large\"><img loading=\"lazy\" decoding=\"async\" width=\"683\" height=\"1024\" src=\"https:\/\/iria.upc.edu\/wp-content\/uploads\/2026\/02\/david-hernandez-ok-683x1024.jpg\" alt=\"\" class=\"wp-image-950\" srcset=\"https:\/\/iria.upc.edu\/wp-content\/uploads\/2026\/02\/david-hernandez-ok-683x1024.jpg 683w, https:\/\/iria.upc.edu\/wp-content\/uploads\/2026\/02\/david-hernandez-ok-200x300.jpg 200w, https:\/\/iria.upc.edu\/wp-content\/uploads\/2026\/02\/david-hernandez-ok-768x1152.jpg 768w, https:\/\/iria.upc.edu\/wp-content\/uploads\/2026\/02\/david-hernandez-ok-1024x1536.jpg 1024w, https:\/\/iria.upc.edu\/wp-content\/uploads\/2026\/02\/david-hernandez-ok-1365x2048.jpg 1365w, https:\/\/iria.upc.edu\/wp-content\/uploads\/2026\/02\/david-hernandez-ok-scaled.jpg 1707w\" sizes=\"auto, (max-width: 683px) 100vw, 683px\" \/><\/figure>\n<\/div>\n\n\n\n<div class=\"wp-block-column is-vertically-aligned-center is-layout-flow wp-block-column-is-layout-flow\" style=\"padding-right:0;padding-left:0;flex-basis:50%\">\n<div class=\"wp-block-group is-vertical is-layout-flex wp-container-core-group-is-layout-fe9cc265 wp-block-group-is-layout-flex\">\n<h2 class=\"wp-block-heading is-style-text-annotation is-style-text-annotation--4\" style=\"font-size:clamp(0.875rem, 0.875rem + ((1vw - 0.2rem) * 0.667), 1.3rem);\">AGREGAT<\/h2>\n<\/div>\n\n\n\n<pre class=\"wp-block-verse is-style-text-subtitle\" style=\"font-size:clamp(0.875rem, 0.875rem + ((1vw - 0.2rem) * 0.667), 1.3rem);\">David H. Falag\u00e1n \u00e9s arquitecte (ETSAV, 2002), doctor en Teoria i Hist\u00f2ria de l\u2019Arquitectura (UPC, 2016), m\u00e0ster en Laboratori d\u2019Habitatge del Segle XXI (ETSAB, 2007) i m\u00e0ster en Teoria i Hist\u00f2ria de l\u2019Arquitectura (ETSAB, 2009). \u00c9s professor al Departament de Teoria i Hist\u00f2ria de l\u2019Arquitectura de la Universitat Polit\u00e8cnica de Catalunya.<br><br>David \u00e9s autor dels llibres Construcci\u00f3n Social de la vivienda (Funcoal, 2011); Herramientas para habitar el presente. La vivienda del siglo XXI (UPC, 2011); Innovaci\u00f3n en Vivienda Asequible. Barcelona 2015-2018 (Ajuntament de Barcelona, 2019); Innovaci\u00f3n tecnol\u00f3gica en la arquitectura de Tous y Fargas (Editorial CSIC, 2020); La revoluci\u00f3 de l\u2019habitatge a les perif\u00e8ries obreres i populars. Nou Barris 1939-1980 (MUHBA, 2021); Arquilecturas. P\u00e1ginas construidas del siglo XXI (Ediciones Asim\u00e9tricas, 2024); Periferias y vivienda difusa (Puente Editores, 2025). Ha dirigit les pel\u00b7l\u00edcules documentals Pigneto (It\u00e0lia, 2024) i De profesi\u00f3n, arquitectos (Espanya, 2012). Ha estat editor i traductor de la publicaci\u00f3 Cedric Price: una arquitectura de la aproximaci\u00f3n (Puente Editores, 2022).<br>Gr\u00e0cies a la seva activitat te\u00f2rica ha estat guardonat en tres ocasions (2006, 2008 i 2014) amb el premi AJAC del Col\u00b7legi d\u2019Arquitectes de Catalunya. Tamb\u00e9 ha estat premiat a la Biennal Iberoamericana d\u2019Arquitectura i Urbanisme (2010, 2012 i 2019), a la Biennal Espanyola d\u2019Arquitectura i Urbanisme (2018, 2021 i 2023), i seleccionat als premis FAD de pensament i cr\u00edtica (2022). Els seus projectes han estat premiats en concursos internacionals com Europan (2010) o RIUSO-Sustainable Urban Regeneration (2013 i 2018).<br><br>David \u00e9s codirector de la C\u00e0tedra Barcelona d\u2019Estudis d\u2019Habitatge, membre del grup de recerca Qurbis i investigador principal del projecte Periferia. Ha estat becari de postgrau de la Fundaci\u00f3 \u201cla Caixa\u201d (2005-06), de la Reial Acad\u00e8mia d\u2019Espanya a Roma (2022-23) i del programa Fulbright a Nova York (2024-25). <\/pre>\n\n\n\n<div class=\"wp-block-group is-vertical is-layout-flex wp-container-core-group-is-layout-355c4241 wp-block-group-is-layout-flex\">\n<h2 class=\"wp-block-heading is-style-text-annotation is-style-text-annotation--5\" style=\"font-size:clamp(0.875rem, 0.875rem + ((1vw - 0.2rem) * 0.667), 1.3rem);\">ACTIVITAT INVESTIGADORA<\/h2>\n\n\n\n<pre class=\"wp-block-verse\" style=\"font-size:clamp(0.875rem, 0.875rem + ((1vw - 0.2rem) * 0.667), 1.3rem);\">Cambio social y transformaci\u00f3n urbana en la Barcelona obrera: las grandes transformaciones en el barrio, el urbanismo y la vivienda en el eje del Bes\u00f2s, 1920-1980. PID2022-136744NA-C32.<\/pre>\n\n\n\n<p style=\"font-size:13px\">Col\u00b7legi d&#8217;Arquitectes de Catalunya, Centre Obert d&#8217;Arquitectura<br><\/p>\n<\/div>\n\n\n\n<div class=\"wp-block-group is-vertical is-layout-flex wp-container-core-group-is-layout-355c4241 wp-block-group-is-layout-flex\">\n<pre class=\"wp-block-verse\" style=\"font-size:clamp(0.875rem, 0.875rem + ((1vw - 0.2rem) * 0.667), 1.3rem);\"><\/pre>\n<\/div>\n<\/div>\n<\/div>\n<\/div>\n\n\n\n<div class=\"wp-block-group alignfull has-global-padding is-layout-constrained wp-container-core-group-is-layout-ebee8dc1 wp-block-group-is-layout-constrained\" style=\"margin-top:0;margin-bottom:0;padding-top:var(--wp--preset--spacing--50);padding-bottom:var(--wp--preset--spacing--50)\">\n<h2 class=\"wp-block-heading alignwide\">L\u00ednies estrat\u00e8giques <\/h2>\n\n\n\n<div class=\"wp-block-columns alignwide is-layout-flex wp-container-core-columns-is-layout-28f84493 wp-block-columns-is-layout-flex\">\n<div class=\"wp-block-column is-layout-flow wp-container-core-column-is-layout-be95e8ed wp-block-column-is-layout-flow\" style=\"padding-top:0\">\n<figure class=\"wp-block-image size-full\"><a href=\"https:\/\/iria.upc.edu\/index.php\/le_patrimoni-arquitectonic-i-urba-2\/\"><img loading=\"lazy\" decoding=\"async\" width=\"2560\" height=\"2560\" src=\"https:\/\/iria.upc.edu\/wp-content\/uploads\/2025\/12\/prueba10-scaled.jpg\" alt=\"\" class=\"wp-image-424\" srcset=\"https:\/\/iria.upc.edu\/wp-content\/uploads\/2025\/12\/prueba10-scaled.jpg 2560w, https:\/\/iria.upc.edu\/wp-content\/uploads\/2025\/12\/prueba10-300x300.jpg 300w, https:\/\/iria.upc.edu\/wp-content\/uploads\/2025\/12\/prueba10-1024x1024.jpg 1024w, https:\/\/iria.upc.edu\/wp-content\/uploads\/2025\/12\/prueba10-150x150.jpg 150w, https:\/\/iria.upc.edu\/wp-content\/uploads\/2025\/12\/prueba10-768x768.jpg 768w, https:\/\/iria.upc.edu\/wp-content\/uploads\/2025\/12\/prueba10-1536x1536.jpg 1536w, https:\/\/iria.upc.edu\/wp-content\/uploads\/2025\/12\/prueba10-2048x2048.jpg 2048w\" sizes=\"auto, (max-width: 2560px) 100vw, 2560px\" \/><\/a><\/figure>\n\n\n\n<div class=\"wp-block-group is-vertical is-layout-flex wp-container-core-group-is-layout-971a3e1f wp-block-group-is-layout-flex\" style=\"padding-top:var(--wp--preset--spacing--30)\">\n<h3 class=\"wp-block-heading\" style=\"padding-top:var(--wp--preset--spacing--20)\"><a href=\"https:\/\/iria.upc.edu\/index.php\/le_patrimoni-arquitectonic-i-urba-2\/\">Historia i teoria de l&#8217;arquitectura<\/a><\/h3>\n\n\n\n<p class=\"has-accent-4-color has-text-color has-link-color has-small-font-size wp-elements-d60f6fbec0e66dad2e14c6eab50ab8e0\">An\u00e0lisi hist\u00f2rica, te\u00f2rica i cr\u00edtica de l\u2019arquitectura i la ciutat, amb enfocaments transversals i interdisciplinaris.<\/p>\n<\/div>\n\n\n<\/div>\n\n\n\n<div class=\"wp-block-column is-layout-flow wp-container-core-column-is-layout-be95e8ed wp-block-column-is-layout-flow\" style=\"padding-top:0\">\n<figure class=\"wp-block-image size-full\"><a href=\"https:\/\/iria.upc.edu\/index.php\/le_habitabilitat\/\"><img loading=\"lazy\" decoding=\"async\" width=\"1525\" height=\"1525\" src=\"https:\/\/iria.upc.edu\/wp-content\/uploads\/2025\/12\/habitabilitat.jpg\" alt=\"\" class=\"wp-image-616\" srcset=\"https:\/\/iria.upc.edu\/wp-content\/uploads\/2025\/12\/habitabilitat.jpg 1525w, https:\/\/iria.upc.edu\/wp-content\/uploads\/2025\/12\/habitabilitat-300x300.jpg 300w, https:\/\/iria.upc.edu\/wp-content\/uploads\/2025\/12\/habitabilitat-1024x1024.jpg 1024w, https:\/\/iria.upc.edu\/wp-content\/uploads\/2025\/12\/habitabilitat-150x150.jpg 150w, https:\/\/iria.upc.edu\/wp-content\/uploads\/2025\/12\/habitabilitat-768x768.jpg 768w\" sizes=\"auto, (max-width: 1525px) 100vw, 1525px\" \/><\/a><\/figure>\n\n\n\n<div class=\"wp-block-group is-vertical is-layout-flex wp-container-core-group-is-layout-971a3e1f wp-block-group-is-layout-flex\" style=\"padding-top:var(--wp--preset--spacing--30)\">\n<h3 class=\"wp-block-heading\" style=\"padding-top:var(--wp--preset--spacing--20)\"><a href=\"https:\/\/iria.upc.edu\/index.php\/le_habitabilitat\/\">Habitabilitat<\/a><\/h3>\n\n\n\n<p class=\"has-accent-4-color has-text-color has-link-color has-small-font-size wp-elements-d2bb523e460f474629f4e2496acc192e\">Recerca sobre les formes d\u2019habitar, la qualitat dels espais constru\u00efts i la relaci\u00f3 entre arquitectura, salut i benestar.<\/p>\n<\/div>\n\n\n<\/div>\n\n\n\n<div class=\"wp-block-column is-layout-flow wp-container-core-column-is-layout-be95e8ed wp-block-column-is-layout-flow\" style=\"padding-top:0\">\n<div class=\"wp-block-group is-vertical is-layout-flex wp-container-core-group-is-layout-971a3e1f wp-block-group-is-layout-flex\" style=\"padding-top:var(--wp--preset--spacing--30)\">\n<h3 class=\"wp-block-heading\" style=\"padding-top:var(--wp--preset--spacing--20)\"><\/h3>\n\n\n\n<p class=\"has-accent-4-color has-text-color has-link-color has-small-font-size wp-elements-f4c8b2fa2d89d0c05b059e07c754edac\"><\/p>\n<\/div>\n\n\n<\/div>\n<\/div>\n<\/div>\n\n\n\n<div class=\"wp-block-group alignfull is-style-default has-base-background-color has-background is-layout-flow wp-container-core-group-is-layout-2fa6ea01 wp-block-group-is-layout-flow\" style=\"padding-right:var(--wp--preset--spacing--60);padding-left:var(--wp--preset--spacing--20)\">\n<div class=\"wp-block-columns alignwide is-layout-flex wp-container-core-columns-is-layout-28f84493 wp-block-columns-is-layout-flex\">\n<div class=\"wp-block-column is-vertically-aligned-center is-layout-flow wp-block-column-is-layout-flow\" style=\"flex-basis:50%\">\n<div class=\"wp-block-stackable-text stk-block-text stk-block stk-dd13c8e\" data-block-id=\"dd13c8e\"><style>.stk-dd13c8e {border-style:solid !important;border-top-width:0px !important;border-right-width:0px !important;border-bottom-width:0px !important;border-left-width:0px !important;margin-left:80px !important;}.stk-dd13c8e .stk-block-text__text{font-size:var(u002du002dstku002du002dpresetu002du002dfont-sizeu002du002dx-large, 1.75rem) !important;}@media screen and (max-width: 1023px){.stk-dd13c8e .stk-block-text__text{font-size:var(u002du002dstku002du002dpresetu002du002dfont-sizeu002du002dx-large, 1.75rem) !important;}}<\/style><p class=\"stk-block-text__text\"><strong>Aportacions<\/strong><\/p><\/div>\n<\/div>\n<\/div>\n\n\n\n<div class=\"wp-block-columns alignwide is-layout-flex wp-container-core-columns-is-layout-e79a657b wp-block-columns-is-layout-flex\" style=\"padding-top:0\">\n<div class=\"wp-block-column is-layout-flow wp-block-column-is-layout-flow\"><\/div>\n\n\n\n<div class=\"wp-block-column is-layout-flow wp-block-column-is-layout-flow\">\n<p class=\"has-text-color has-extra-small-font-size\" style=\"color:#000000\">Hern\u00e1ndez Falag\u00e1n, D. (2025). Experimenting with industrial architecture by Tous &amp; Fargas. The Journal of Architecture, 1\u201331. <a href=\"https:\/\/doi.org\/10.1080\/13602365.2025.2585486\">https:\/\/doi.org\/10.1080\/13602365.2025.2585486<\/a><\/p>\n\n\n\n<p class=\"has-text-color has-extra-small-font-size\" style=\"color:#000000\">Hern\u00e1ndez-Falag\u00e1n, D. (2025). Nuevos paradigmas arquitect\u00f3nicos en la vivienda p\u00fablica en Espa\u00f1a: IBAVI e IMPSOL como casos de estudio. Ciudad Y Territorio Estudios Territoriales, 57(225), 352\u2013367. <a href=\"https:\/\/doi.org\/10.37230\/CyTET.2025.225.17\">https:\/\/doi.org\/10.37230\/CyTET.2025.225.17<\/a><\/p>\n\n\n\n<p class=\"has-text-color has-extra-small-font-size\" style=\"color:#000000\">Hern\u00e1ndez Falag\u00e1n D, Nicolau MR. (2024). A Brief History of Social Housing in Spain: Residential Architecture and Housing Policies in the 19th and 20th Centuries. Histories. 2024; 4(3):326-345. <a href=\"https:\/\/doi.org\/10.3390\/histories4030016\">https:\/\/doi.org\/10.3390\/histories4030016<\/a><\/p>\n\n\n\n<p class=\"has-text-color has-extra-small-font-size\" style=\"color:#000000\"><\/p>\n<\/div>\n\n\n\n<div class=\"wp-block-column is-layout-flow wp-block-column-is-layout-flow\">\n<p>Hern\u00e1ndez Falag\u00e1n, D. (2025). Human-centered design for flexible and inclusive housing. Housing and Society, 52(1), 37\u201356. <a href=\"https:\/\/doi.org\/10.1080\/08882746.2024.2386472\">https:\/\/doi.org\/10.1080\/08882746.2024.2386472<\/a><\/p>\n\n\n\n<p class=\"has-text-color has-extra-small-font-size\" style=\"color:#000000\">Hern\u00e1ndez Falag\u00e1n, D. (2021). Review of Design of Collective Housing in the 21st Century. Buildings, 11(4), 157. <a href=\"https:\/\/doi.org\/10.3390\/buildings11040157\">https:\/\/doi.org\/10.3390\/buildings11040157<\/a><\/p>\n\n\n\n<p class=\"has-text-color has-extra-small-font-size\" style=\"color:#000000\"><\/p>\n<\/div>\n<\/div>\n<\/div>\n\n\n\n<div class=\"wp-block-group alignfull has-global-padding is-layout-constrained wp-container-core-group-is-layout-54af5b55 wp-block-group-is-layout-constrained\" style=\"margin-top:0;margin-bottom:0;padding-top:var(--wp--preset--spacing--60);padding-bottom:var(--wp--preset--spacing--60)\">\n<h2 class=\"wp-block-heading alignwide has-text-align-center has-x-large-font-size\">Grups de recerca<\/h2>\n\n\n\n<div class=\"wp-block-buttons alignwide has-custom-font-size has-medium-font-size is-content-justification-center is-layout-flex wp-container-core-buttons-is-layout-c124d1c4 wp-block-buttons-is-layout-flex\">\n<div class=\"wp-block-button\"><a class=\"wp-block-button__link wp-element-button\">QURBIS &#8211; Quality of Urban Life: Innovation, Sustainability and Social Engagement<\/a><\/div>\n<\/div>\n\n\n\n<p class=\"has-text-align-center\" style=\"font-size:clamp(0.929rem, 0.929rem + ((1vw - 0.2rem) * 0.739), 1.4rem);\"><strong><a href=\"https:\/\/futur.upc.edu\/DavidHernandezFalagan\">Enlla\u00e7 a futur \u2197<\/a><\/strong><\/p>\n<\/div>\n","protected":false},"excerpt":{"rendered":"<p>David Hern\u00e1ndez Falag\u00e1n AGREGAT David H. Falag\u00e1n \u00e9s arquitecte (ETSAV, 2002), doctor en Teoria i Hist\u00f2ria de l\u2019Arquitectura (UPC, 2016), m\u00e0ster en Laboratori d\u2019Habitatge del Segle XXI (ETSAB, 2007) i m\u00e0ster en Teoria i Hist\u00f2ria de l\u2019Arquitectura (ETSAB, 2009). \u00c9s professor al Departament de Teoria i Hist\u00f2ria de l\u2019Arquitectura de la Universitat Polit\u00e8cnica de Catalunya.David [&hellip;]<\/p>\n","protected":false},"author":1,"featured_media":0,"parent":0,"menu_order":0,"comment_status":"closed","ping_status":"closed","template":"","meta":{"footnotes":""},"class_list":["post-1120","page","type-page","status-publish","hentry"],"_links":{"self":[{"href":"https:\/\/iria.upc.edu\/index.php\/wp-json\/wp\/v2\/pages\/1120","targetHints":{"allow":["GET"]}}],"collection":[{"href":"https:\/\/iria.upc.edu\/index.php\/wp-json\/wp\/v2\/pages"}],"about":[{"href":"https:\/\/iria.upc.edu\/index.php\/wp-json\/wp\/v2\/types\/page"}],"author":[{"embeddable":true,"href":"https:\/\/iria.upc.edu\/index.php\/wp-json\/wp\/v2\/users\/1"}],"replies":[{"embeddable":true,"href":"https:\/\/iria.upc.edu\/index.php\/wp-json\/wp\/v2\/comments?post=1120"}],"version-history":[{"count":6,"href":"https:\/\/iria.upc.edu\/index.php\/wp-json\/wp\/v2\/pages\/1120\/revisions"}],"predecessor-version":[{"id":1389,"href":"https:\/\/iria.upc.edu\/index.php\/wp-json\/wp\/v2\/pages\/1120\/revisions\/1389"}],"wp:attachment":[{"href":"https:\/\/iria.upc.edu\/index.php\/wp-json\/wp\/v2\/media?parent=1120"}],"curies":[{"name":"wp","href":"https:\/\/api.w.org\/{rel}","templated":true}]}}