{"id":1313,"date":"2026-03-12T16:18:17","date_gmt":"2026-03-12T16:18:17","guid":{"rendered":"https:\/\/iria.upc.edu\/?page_id=1313"},"modified":"2026-03-12T16:22:23","modified_gmt":"2026-03-12T16:22:23","slug":"le_patrimoni-arquitectonic-i-urba-2","status":"publish","type":"page","link":"https:\/\/iria.upc.edu\/index.php\/le_patrimoni-arquitectonic-i-urba-2\/","title":{"rendered":"LE_Hist\u00f2ria i teoria de l\u2019arquitectura"},"content":{"rendered":"\n<h2 data-wp-context---core-fit-text=\"core\/fit-text::{&quot;fontSize&quot;:&quot;&quot;}\" data-wp-init---core-fit-text=\"core\/fit-text::callbacks.init\" data-wp-interactive data-wp-style--font-size=\"core\/fit-text::context.fontSize\" class=\"wp-block-heading alignwide has-text-align-left has-fit-text\">hist\u00f2ria i teoria de l&#8217;arquitectura<\/h2>\n\n\n\n<div class=\"wp-block-group alignfull is-style-default has-global-padding is-layout-constrained wp-block-group-is-layout-constrained\" style=\"margin-top:var(--wp--preset--spacing--30);margin-bottom:var(--wp--preset--spacing--30);padding-top:var(--wp--preset--spacing--30);padding-bottom:var(--wp--preset--spacing--30)\">\n<div class=\"wp-block-columns alignwide is-layout-flex wp-container-core-columns-is-layout-76483dd6 wp-block-columns-is-layout-flex\" style=\"padding-top:0;padding-bottom:0\">\n<div class=\"wp-block-column is-vertically-aligned-center is-layout-flow wp-container-core-column-is-layout-f744151e wp-block-column-is-layout-flow\" style=\"padding-top:0;padding-right:0;padding-bottom:0\">\n<pre class=\"wp-block-verse\" style=\"font-size:clamp(0.984rem, 0.984rem + ((1vw - 0.2rem) * 0.809), 1.5rem);\">Estudis sobre la dimensi\u00f3 hist\u00f2rica, te\u00f2rica i cultural de l\u2019arquitectura i de la ciutat. Aquesta l\u00ednia analitza idees, discursos i contextos que han configurat l\u2019arquitectura al llarg del temps, sovint amb enfocaments transversals que connecten amb altres disciplines i amb altres l\u00ednies de recerca.<\/pre>\n\n\n\n<pre class=\"wp-block-verse has-medium-font-size\"><strong><em><a href=\"https:\/\/iria.upc.edu\/index.php\/carolina-b-garcia-estevez\/\" data-type=\"link\" data-id=\"https:\/\/iria.upc.edu\/index.php\/carolina-b-garcia-estevez\/\">Carolina B. Garc\u00eda-Estevez<\/a><br><a href=\"https:\/\/iria.upc.edu\/index.php\/queralt-garriga-gimeno\/\">Queralt Garriga-Gim\u00e9nez <br><\/a><a href=\"https:\/\/iria.upc.edu\/index.php\/ramon-graus-rovira\/\" data-type=\"link\" data-id=\"https:\/\/iria.upc.edu\/index.php\/ramon-graus-rovira\/\">Ramon Graus Rovira<\/a><br><a href=\"https:\/\/iria.upc.edu\/index.php\/david-hernandez-falagan\/\">David Hern\u00e1ndez Falag\u00e1n<br><\/a><a href=\"https:\/\/iria.upc.edu\/index.php\/lluis-ortega-cerda\/\">Llu\u00eds Ortega Cerd\u00e0<\/a><a href=\"https:\/\/iria.upc.edu\/index.php\/ramon-graus-rovira\/\" data-type=\"link\" data-id=\"https:\/\/iria.upc.edu\/index.php\/ramon-graus-rovira\/\"><br><\/a><a href=\"https:\/\/iria.upc.edu\/index.php\/antonio-pizza-de-nanno\/\" data-type=\"link\" data-id=\"https:\/\/iria.upc.edu\/index.php\/antonio-pizza-de-nanno\/\">Antonio Pizza de Nanno <\/a><br><a href=\"https:\/\/iria.upc.edu\/index.php\/maribel-rossello-nicolau\/\">Maribel Rossell\u00f3 Nicolau<br><\/a><\/em><\/strong><a href=\"https:\/\/iria.upc.edu\/index.php\/maria-rubert-de-ventos\/\"><strong><em>Maria Rubert de Vent\u00f3s <\/em><\/strong><br><\/a><strong><em><br><\/em><\/strong><\/pre>\n\n\n\n<p class=\"has-medium-font-size\"><strong><em><a href=\"https:\/\/iria.upc.edu\/index.php\/roger-sauquet-llonch\/\" data-type=\"link\" data-id=\"https:\/\/iria.upc.edu\/index.php\/roger-sauquet-llonch\/\"><br><\/a><\/em><\/strong><\/p>\n<\/div>\n\n\n\n<div class=\"wp-block-column is-vertically-aligned-center is-layout-flow wp-block-column-is-layout-flow\" style=\"padding-top:var(--wp--preset--spacing--40);padding-bottom:var(--wp--preset--spacing--40)\">\n<figure class=\"wp-block-image size-full\"><img loading=\"lazy\" decoding=\"async\" width=\"2560\" height=\"2560\" src=\"https:\/\/iria.upc.edu\/wp-content\/uploads\/2025\/12\/prueba10-scaled.jpg\" alt=\"\" class=\"wp-image-424\" srcset=\"https:\/\/iria.upc.edu\/wp-content\/uploads\/2025\/12\/prueba10-scaled.jpg 2560w, https:\/\/iria.upc.edu\/wp-content\/uploads\/2025\/12\/prueba10-300x300.jpg 300w, https:\/\/iria.upc.edu\/wp-content\/uploads\/2025\/12\/prueba10-1024x1024.jpg 1024w, https:\/\/iria.upc.edu\/wp-content\/uploads\/2025\/12\/prueba10-150x150.jpg 150w, https:\/\/iria.upc.edu\/wp-content\/uploads\/2025\/12\/prueba10-768x768.jpg 768w, https:\/\/iria.upc.edu\/wp-content\/uploads\/2025\/12\/prueba10-1536x1536.jpg 1536w, https:\/\/iria.upc.edu\/wp-content\/uploads\/2025\/12\/prueba10-2048x2048.jpg 2048w\" sizes=\"auto, (max-width: 2560px) 100vw, 2560px\" \/><\/figure>\n<\/div>\n<\/div>\n<\/div>\n","protected":false},"excerpt":{"rendered":"<p>hist\u00f2ria i teoria de l&#8217;arquitectura Estudis sobre la dimensi\u00f3 hist\u00f2rica, te\u00f2rica i cultural de l\u2019arquitectura i de la ciutat. Aquesta l\u00ednia analitza idees, discursos i contextos que han configurat l\u2019arquitectura al llarg del temps, sovint amb enfocaments transversals que connecten amb altres disciplines i amb altres l\u00ednies de recerca. Carolina B. Garc\u00eda-EstevezQueralt Garriga-Gim\u00e9nez Ramon Graus [&hellip;]<\/p>\n","protected":false},"author":1,"featured_media":0,"parent":0,"menu_order":0,"comment_status":"closed","ping_status":"closed","template":"","meta":{"footnotes":""},"class_list":["post-1313","page","type-page","status-publish","hentry"],"_links":{"self":[{"href":"https:\/\/iria.upc.edu\/index.php\/wp-json\/wp\/v2\/pages\/1313","targetHints":{"allow":["GET"]}}],"collection":[{"href":"https:\/\/iria.upc.edu\/index.php\/wp-json\/wp\/v2\/pages"}],"about":[{"href":"https:\/\/iria.upc.edu\/index.php\/wp-json\/wp\/v2\/types\/page"}],"author":[{"embeddable":true,"href":"https:\/\/iria.upc.edu\/index.php\/wp-json\/wp\/v2\/users\/1"}],"replies":[{"embeddable":true,"href":"https:\/\/iria.upc.edu\/index.php\/wp-json\/wp\/v2\/comments?post=1313"}],"version-history":[{"count":3,"href":"https:\/\/iria.upc.edu\/index.php\/wp-json\/wp\/v2\/pages\/1313\/revisions"}],"predecessor-version":[{"id":1334,"href":"https:\/\/iria.upc.edu\/index.php\/wp-json\/wp\/v2\/pages\/1313\/revisions\/1334"}],"wp:attachment":[{"href":"https:\/\/iria.upc.edu\/index.php\/wp-json\/wp\/v2\/media?parent=1313"}],"curies":[{"name":"wp","href":"https:\/\/api.w.org\/{rel}","templated":true}]}}