{"id":390,"date":"2026-01-04T11:32:48","date_gmt":"2026-01-04T11:32:48","guid":{"rendered":"https:\/\/iria.upc.edu\/?page_id=390"},"modified":"2026-03-12T17:07:28","modified_gmt":"2026-03-12T17:07:28","slug":"ae_habitatge","status":"publish","type":"page","link":"https:\/\/iria.upc.edu\/index.php\/ae_habitatge\/","title":{"rendered":"LE_Arquitectura i sostenibilitat"},"content":{"rendered":"\n<h2 data-wp-context---core-fit-text=\"core\/fit-text::{&quot;fontSize&quot;:&quot;&quot;}\" data-wp-init---core-fit-text=\"core\/fit-text::callbacks.init\" data-wp-interactive data-wp-style--font-size=\"core\/fit-text::context.fontSize\" class=\"wp-block-heading alignwide has-text-align-left has-fit-text\">arquitectura i sostenibilitat<\/h2>\n\n\n\n<div class=\"wp-block-group alignfull is-style-default has-global-padding is-layout-constrained wp-block-group-is-layout-constrained\" style=\"margin-top:var(--wp--preset--spacing--30);margin-bottom:var(--wp--preset--spacing--30);padding-top:var(--wp--preset--spacing--50);padding-bottom:var(--wp--preset--spacing--50)\">\n<div class=\"wp-block-columns alignwide is-layout-flex wp-container-core-columns-is-layout-76483dd6 wp-block-columns-is-layout-flex\" style=\"padding-top:0;padding-bottom:0\">\n<div class=\"wp-block-column is-vertically-aligned-center is-layout-flow wp-container-core-column-is-layout-f744151e wp-block-column-is-layout-flow\" style=\"padding-top:0;padding-right:0;padding-bottom:0\">\n<pre class=\"wp-block-verse\" style=\"font-size:clamp(0.984rem, 0.984rem + ((1vw - 0.2rem) * 0.809), 1.5rem);\">Recerca sobre projectes, metodologies, sistemes constructius i materials que contribueixin a reduir l\u2019impacte ambiental de l\u2019arquitectura. Aquesta l\u00ednia analitza el consum d\u2019energia, l\u2019\u00fas responsable dels recursos i la gesti\u00f3 dels residus, amb l\u2019objectiu de desenvolupar solucions arquitect\u00f2niques que afavoreixin l\u2019equilibri entre desenvolupament social i sostenibilitat ambiental.<\/pre>\n\n\n\n<pre class=\"wp-block-verse has-medium-font-size\"><a href=\"https:\/\/iria.upc.edu\/index.php\/jaime-coll-lopez\/\" data-type=\"link\" data-id=\"https:\/\/iria.upc.edu\/index.php\/jaime-coll-lopez\/\"><strong><em>Jaime Coll L\u00f3pez <\/em><\/strong><\/a><br><strong><em><a href=\"https:\/\/iria.upc.edu\/index.php\/elena-oliver-saiz\/\">Elena Oliver Saiz<\/a><\/em><\/strong><a href=\"https:\/\/iria.upc.edu\/index.php\/jaime-coll-lopez\/\" data-type=\"link\" data-id=\"https:\/\/iria.upc.edu\/index.php\/jaime-coll-lopez\/\"><br><\/a><a href=\"https:\/\/iria.upc.edu\/index.php\/jose-manuel-gomez-soberon\/\" data-type=\"link\" data-id=\"https:\/\/iria.upc.edu\/index.php\/jose-manuel-gomez-soberon\/\"><em><strong>Jos\u00e9 Manuel G\u00f3mez Sober\u00f3n<\/strong><\/em><br><\/a><a href=\"https:\/\/iria.upc.edu\/index.php\/carlos-marmolejo-duarte\/\" data-type=\"link\" data-id=\"https:\/\/iria.upc.edu\/index.php\/carlos-marmolejo-duarte\/\"><strong><em>Carlos Marmolejo Duarte <\/em><\/strong><br><\/a><strong><em><a href=\"https:\/\/iria.upc.edu\/index.php\/cristina-pardal-march\/\" data-type=\"link\" data-id=\"https:\/\/iria.upc.edu\/index.php\/cristina-pardal-march\/\">Cristina Pardal March <br><\/a><\/em><\/strong><a href=\"https:\/\/iria.upc.edu\/index.php\/alberto-penin-llobell\/\" data-type=\"link\" data-id=\"https:\/\/iria.upc.edu\/index.php\/alberto-penin-llobell\/\"><strong><em>Alberto Pe\u00f1\u00edn Llobell <\/em><\/strong><\/a><br><a href=\"https:\/\/iria.upc.edu\/index.php\/inmaculada-rodriguez-cantalapiedra\/\" data-type=\"link\" data-id=\"https:\/\/iria.upc.edu\/index.php\/inmaculada-rodriguez-cantalapiedra\/\"><strong><em>Inmaculada Rodr\u00edguez Cantalapiedra <\/em><\/strong><br><\/a><strong><em><a href=\"https:\/\/iria.upc.edu\/index.php\/amadeu-santacana-juncana\/\" data-type=\"link\" data-id=\"https:\/\/iria.upc.edu\/index.php\/amadeu-santacana-juncana\/\">Amadeu Santacana Juncana<br><\/a><a href=\"https:\/\/iria.upc.edu\/index.php\/roger-sauquet-llonch\/\" data-type=\"link\" data-id=\"https:\/\/iria.upc.edu\/index.php\/roger-sauquet-llonch\/\">Roger Sauquet Llonch<br><\/a><a href=\"https:\/\/iria.upc.edu\/index.php\/jaume-valor-montero\/\" data-type=\"link\" data-id=\"https:\/\/iria.upc.edu\/index.php\/jaume-valor-montero\/\">Jaume Valor Montero <\/a><\/em><\/strong><\/pre>\n<\/div>\n\n\n\n<div class=\"wp-block-column is-vertically-aligned-center is-layout-flow wp-block-column-is-layout-flow\">\n<figure class=\"wp-block-image size-full\"><img loading=\"lazy\" decoding=\"async\" width=\"2560\" height=\"2560\" src=\"https:\/\/iria.upc.edu\/wp-content\/uploads\/2025\/12\/prueba1-scaled.jpg\" alt=\"\" class=\"wp-image-397\" srcset=\"https:\/\/iria.upc.edu\/wp-content\/uploads\/2025\/12\/prueba1-scaled.jpg 2560w, https:\/\/iria.upc.edu\/wp-content\/uploads\/2025\/12\/prueba1-300x300.jpg 300w, https:\/\/iria.upc.edu\/wp-content\/uploads\/2025\/12\/prueba1-1024x1024.jpg 1024w, https:\/\/iria.upc.edu\/wp-content\/uploads\/2025\/12\/prueba1-150x150.jpg 150w, https:\/\/iria.upc.edu\/wp-content\/uploads\/2025\/12\/prueba1-768x768.jpg 768w, https:\/\/iria.upc.edu\/wp-content\/uploads\/2025\/12\/prueba1-1536x1536.jpg 1536w, https:\/\/iria.upc.edu\/wp-content\/uploads\/2025\/12\/prueba1-2048x2048.jpg 2048w\" sizes=\"auto, (max-width: 2560px) 100vw, 2560px\" \/><\/figure>\n<\/div>\n<\/div>\n<\/div>\n","protected":false},"excerpt":{"rendered":"<p>arquitectura i sostenibilitat Recerca sobre projectes, metodologies, sistemes constructius i materials que contribueixin a reduir l\u2019impacte ambiental de l\u2019arquitectura. Aquesta l\u00ednia analitza el consum d\u2019energia, l\u2019\u00fas responsable dels recursos i la gesti\u00f3 dels residus, amb l\u2019objectiu de desenvolupar solucions arquitect\u00f2niques que afavoreixin l\u2019equilibri entre desenvolupament social i sostenibilitat ambiental. Jaime Coll L\u00f3pez Elena Oliver SaizJos\u00e9 [&hellip;]<\/p>\n","protected":false},"author":1,"featured_media":0,"parent":0,"menu_order":0,"comment_status":"closed","ping_status":"closed","template":"","meta":{"footnotes":""},"class_list":["post-390","page","type-page","status-publish","hentry"],"_links":{"self":[{"href":"https:\/\/iria.upc.edu\/index.php\/wp-json\/wp\/v2\/pages\/390","targetHints":{"allow":["GET"]}}],"collection":[{"href":"https:\/\/iria.upc.edu\/index.php\/wp-json\/wp\/v2\/pages"}],"about":[{"href":"https:\/\/iria.upc.edu\/index.php\/wp-json\/wp\/v2\/types\/page"}],"author":[{"embeddable":true,"href":"https:\/\/iria.upc.edu\/index.php\/wp-json\/wp\/v2\/users\/1"}],"replies":[{"embeddable":true,"href":"https:\/\/iria.upc.edu\/index.php\/wp-json\/wp\/v2\/comments?post=390"}],"version-history":[{"count":29,"href":"https:\/\/iria.upc.edu\/index.php\/wp-json\/wp\/v2\/pages\/390\/revisions"}],"predecessor-version":[{"id":1373,"href":"https:\/\/iria.upc.edu\/index.php\/wp-json\/wp\/v2\/pages\/390\/revisions\/1373"}],"wp:attachment":[{"href":"https:\/\/iria.upc.edu\/index.php\/wp-json\/wp\/v2\/media?parent=390"}],"curies":[{"name":"wp","href":"https:\/\/api.w.org\/{rel}","templated":true}]}}